40?
-13761182
In base 13, what is 82c77b - 1b?
82c760
In base 4, what is -1003 - 100222313301?
-100222320310
In base 15, what is -67 + ce4a?
cdd3
In base 8, what is -6267 - 2232?
-10521
In base 12, what is 14526a + 14?
145282
In base 6, what is 213214201515 + -5?
213214201510
In base 12, what is -28b + -65ba2?
-66271
In base 14, what is -140b9dd - 3?
-140ba02
In base 11, what is 19503 - 453?
19060
In base 12, what is -13 - 1155353?
-1155366
In base 15, what is -7 + 7e15a?
7e153
In base 9, what is 135560 + 476?
136146
In base 3, what is 1200121101200122 - 12?
1200121101200110
In base 16, what is -842 - -11e7b?
11639
In base 12, what is 3856 + 255?
3aab
In base 2, what is 1100 + 1111000001001000100?
1111000001001010000
In base 13, what is 513 - 8387c?
-83369
In base 5, what is 2104314 - -21?
2104340
In base 14, what is 15 + -a5194?
-a517d
In base 6, what is -120524154 - -5?
-120524145
In base 6, what is 10330303215 - 3?
10330303212
In base 11, what is 511654 + -17?
511638
In base 10, what is -7 - 6330532?
-6330539
In base 8, what is -462616 + -7407?
-472225
In base 7, what is -1242 - -120453?
116211
In base 13, what is -1b - 1cbc0?
-1cc0b
In base 15, what is eda + 2b367?
2c352
In base 5, what is -2430042 - 212034?
-3142131
In base 2, what is 10011 + 101000111000001010101011?
101000111000001010111110
In base 12, what is -324 - -118317?
117bb3
In base 7, what is 115440020 + -110?
115436610
In base 9, what is 3 + 10238140?
10238143
In base 5, what is 31200 + -42131?
-10431
In base 3, what is 22212020120210 - 1?
22212020120202
In base 4, what is -10 + -312011210010?
-312011210020
In base 8, what is 124571 - 2047?
122522
In base 16, what is -66683 + 169?
-6651a
In base 7, what is 12316 + -412364?
-400045
In base 2, what is -10010000110100100010 - 100011011?
-10010000111000111101
In base 10, what is 420278 + 277?
420555
In base 5, what is -203000104 - 30314?
-203030423
In base 15, what is 9c26171 + 3?
9c26174
In base 4, what is -30020310032 - -2?
-30020310030
In base 6, what is -202414452 + -121?
-202415013
In base 14, what is 94 - 11a0?
-110a
In base 4, what is -120320032 + 1221?
-120312211
In base 14, what is 0 - -1658ba5a?
1658ba5a
In base 8, what is -2440475 - 11?
-2440506
In base 14, what is -6375 + -21?
-6396
In base 14, what is -8ca625 - 2?
-8ca627
In base 8, what is 0 - -146315667?
146315667
In base 10, what is -310 + -3130469?
-3130779
In base 8, what is 14231134 - 12?
14231122
In base 4, what is 1 + 1220002011303?
1220002011310
In base 5, what is -21 + 20022233?
20022212
In base 8, what is 63474 - 3243?
60231
In base 12, what is -24a41 - 20a9?
-26b2a
In base 11, what is 8 - 4509a57?
-4509a4a
In base 15, what is -629 + -2ac32?
-2b35b
In base 11, what is -60670aa + 0?
-60670aa
In base 14, what is d5991 - 17?
d5978
In base 8, what is 15400 - 3642?
11536
In base 9, what is -10 - 43341511?
-43341521
In base 16, what is -5 - 423a69?
-423a6e
In base 6, what is -352 + -10351404?
-10352200
In base 12, what is 724 - 6ba?
26
In base 5, what is 30102 - -3143?
33300
In base 14, what is 152c671 + 4?
152c675
In base 9, what is 21166 - -55?
21232
In base 7, what is 36163432 - 4?
36163425
In base 5, what is -4301 - 2041302?
-2101103
In base 10, what is -5 + -1613900?
-1613905
In base 3, what is 211101211200211100 + -10?
211101211200211020
In base 11, what is 2149628 + -36?
21495a2
In base 10, what is 84548 - 33?
84515
In base 12, what is 3804668 + 4?
3804670
In base 9, what is 3 - 12238410?
-12238406
In base 15, what is 1 - -111b1e57?
111b1e58
In base 6, what is -31003055 + -3?
-31003102
In base 3, what is 1020000212 - 110122?
1012120020
In base 3, what is 1212212121001 - 202?
1212212120022
In base 13, what is 15445 - 47a?
14c98
In base 14, what is 129b + -8ca?
7b1
In base 7, what is 25 + 5220214?
5220242
In base 5, what is -343003132 - 2142?
-343010324
In base 8, what is 1542 + -203415?
-201653
In base 9, what is 1035 + 33736?
34772
In base 7, what is 131 - 1556415?
-1556254
In base 14, what is -5 + -302124?
-302129
In base 13, what is 8558b836 + -1?
8558b835
In base 14, what is 309 + -173d9?
-170d0
In base 4, what is -203 + 12223133?
12222330
In base 15, what is -8 - b39466?
-b3946e
In base 14, what is 12 - -21cda98?
21cdaaa
In base 16, what is 5 - 2ba901c?
-2ba9017
In base 15, what is -2867aa - -5?
-2867a5
In base 11, what is -2342640 - 3?
-2342643
In base 11, what is -165 - 185921?
-185a86
In base 2, what is -1000000011 + -110011110000000110?
-110011111000001001
In base 10, what is -707 + 698?
-9
In base 2, what is -111001000011101 + -110000111001101?
-1101001111101010
In base 13, what is 5a11913 + 1?
5a11914
In base 15, what is d1 + 181913?
1819e4
In base 11, what is 11321102 - -38?
1132113a
In base 15, what is 13d17d4 + 6?
13d17da
In base 5, what is 4 + -132133022?
-132133013
In base 16, what is -2e2550 + 12?
-2e253e
In base 10, what is 36 - -9169?
9205
In base 9, what is 85 - 525122?
-525026
In base 7, what is 6 + 436200113?
436200122
In base 3, what is 202010210220200 + -112?
202010210220011
In base 5, what is 2043003 - 11220?
2031233
In base 4, what is -10 + 20323312210023?
20323312210013
In base 5, what is -1123301241 + 10?
-1123301231
In base 5, what is -222044 - 204400?
-431444
In base 10, what is 19 - -1121508?
1121527
In base 4, what is -201012 + 131232?
-3120
In base 6, what is 3243250 + -211?
3243035
In base 16, what is 6a4 - -6ce?
d72
In base 2, what is 110010001011 + 10010100101101?
11000110111000
In base 14, what is b - 2348103?
-23480d6
In base 14, what is -1d24d3 - -3a?
-1d2497
In base 12, what is 7435b + 169b?
75a3a
In base 12, what is 0 - -433414?
433414
In base 6, what is -2055555 - -1133?
-2054422
In base 12, what is -464a60 + -122?
-464b82
In base 4, what is -3202323120 - 12232?
-3203002012
In base 15, what is -a8 + d5b?
ca3
In base 4, what is 2132 - -2111120312?
2111123110
In base 11, what is -5 - 85450a?
-854514
In base 9, what is 861173443 + 4?
861173447
In base 10, what is 27290 + -40?
27250
In base 6, what is 35100 + 1121135?
1200235
In base 12, what is -3 + 41bb601?
41bb5ba
In base 4, what is 11211 + 1011002?
1022213
In base 8, what is 26154 + -543?
25411
In base 11, what is 0 - -690928?
690928
In base 2, what is 10000110 - 10111011010001?
-10111001001011
In base 7, what is -561 + -10224026?
-10224620
In base 13, what is 4555 - -3b632?
42b87
In base 12, what is a2a120 + -4?
a2a118
In base 11, what is -31699 + 146?
-31553
In base 11, what is 7263 + -1a31?
5332
In base 16, what is 7f13 + -10?
7f03
In base 5, what is 10 + -41302142102?
-41302142042
In base 12, what is -6 + -623931a?
-6239324
In base 4, what is 1030100232311 - -202?
1030100233113
In base 9, what is -170741 - 170?
-171021
In base 13, what is 797 - 2a28?
-2261
In base 5, what is -4340440 - -204?
-4340231
In base 7, what is 1 + -2365213315?
-2365213314
In base 9, what is -43646 - -1206?
-42440
In base 6, what is -31054435 - 45?
-31054524
In base 6, what is 1021 + 115112?
120133
In base 3, what is -21000112012020 - 11?
-21000112012101
In base 12, what is 20655 - 70?
205a5
In base 7, what is 24116 - 50063?
-22644
In base 15, what is a - 69511?
-69506
In base 14, what is -307b5 - ac3?
-31498
In base 5, what is -101323 - -22411?
-23412
In base 2, what is 10110101111010 - 1100001110?
10101001101100
In base 12, what is 152461 + -204?
152259
In base 11, what is -2186 + -832?
-2a08
In base 3, what is -10111000100 + -1220?
-10111002020
In base 3, what is 12 - -11110110121?
11110110210
In base 15, what is -d98 + -749?
-15e2
In base 8, what is -3130 + -16127?
-21257
In base 7, what is 30 + -26320340?
-26320310
In base 9, what is 157 - -128522?
128680
In base 4, what is 0 - -10112010103?
10112010103
In base 14, what is -939cb4 + -5?
-939cb9
In base 5, what is -4243444 - -211?
-4243233
In base 4, what is -100332 - -100122200?
100021202
In base 4, what is 11323300 + 221132?
12211032
In base 9, what is 115188201 + 0?
115188201
In base 8, what is -1743255074 - -1?
-1743255073
In base 4, what is -131113 + 2332033?
2200320
In base 8, what is 0 + 107462345?
107462345
In base 6, what is 13331 - 5524141?
-5510410
In base 4, what is -200201222001 - 1001?
-200201223002
In base 8, what is -41 + -71034?
-71075
In base 7, what is 22242 - -453023?
505265
In base 16, what is -e5dcf6d + 5?
